-f. Let x(y) = -2*y - 14. What are the prime factors of x(f)?
2, 3
What are the prime factors of (4/(-5))/(4/(-70))?
2, 7
Let b = -20 - -73. What are the prime factors of b?
53
Let d be (-1)/((-2)/4) + 4. Let m be (2/d)/((-3)/(-18)). Suppose -3 = j - 3*v, 5*j - j - 18 = m*v. What are the prime factors of j?
2, 3
Suppose 2*x - 4*i = -2 + 20, -4*x + i + 36 = 0. What are the prime factors of x?
3
Suppose -3*h + 104 = -2*h. List the prime factors of h.
2, 13
Let s = -2 - -8. What are the prime factors of 0 + -2 + (s - -1)?
5
Let s = -19 - -31. Let m = 17 - s. Suppose 2*g - m - 7 = 0. What are the prime factors of g?
2, 3
Let p(y) = -38*y**3 - y**2 - 2*y - 1. What are the prime factors of p(-1)?
2, 19
Suppose -5*t + 2*g + 128 = 0, 5*t - 2*g = -7*g + 100. List the prime factors of t.
2, 3
Let a = -3 - -3. Suppose -5*b = -a*b + 40. Let u = b - -19. List the prime factors of u.
11
Let l(v) = -v**2 + v + 5. Let z be l(4). What are the prime factors of 1/7 - 34/z?
5
Let v = -107 - -209. Suppose 0 = 2*i - 2*j - v, -135 = -3*i - 3*j - 0*j. List the prime factors of i.
2, 3
Let u = 50 + -35. List the prime factors of u.
3, 5
Let u(c) = -c**3 + 15*c**2 + 20*c - 22. Let t be u(16). Let w = 69 - t. List the prime factors of w.
3
Suppose -8*y = -3*y - 325. Suppose 0 = -4*c + y - 25. List the prime factors of -5*4/c*-3.
2, 3
Suppose 0 = 4*l - 112 - 16. Suppose -l - 18 = -5*v. What are the prime factors of v?
2, 5
Suppose 5*w + 225 = 5*a, 2*w + 287 = 4*a + 105. Suppose a = t + t. What are the prime factors of t?
23
Suppose -2*r - 9 = 5. Let c be (6/r)/((-1)/7). Let f(k) = -k**2 + 7*k + 6. List the prime factors of f(c).
2, 3
Let x be 18 - (1 + (3 - 4)). Suppose 2*v + 8 + 14 = 0. Let m = x + v. What are the prime factors of m?
7
Let l = 239 + -160. Suppose -2*j = -c + 26, -2*c + 3*j = 8*j - l. What are the prime factors of c?
2
Suppose 2*d = -4, 5*u - u - 618 = 3*d. What are the prime factors of u?
3, 17
Let r be 1*(2 + 13 - 2). Let k(s) = s**3 + 4*s**2 + 3. Let z be k(-4). Suppose -z*u + 5 = -r. List the prime factors of u.
2, 3
Suppose -o + 35 = 3*q - 6*o, 4*q + 3*o = 8. Suppose 4*l - q = 11. What are the prime factors of (21/12)/(1/l)?
7
Suppose -5*t + 12 + 193 = 0. What are the prime factors of t?
41
List the prime factors of 1935/24 + (-3)/(-8).
3
Suppose 5*s = p + 12, 4*p + 2*s - 3 = 15. Suppose y + 3*g + 7 = 0, p*y = -2*y - 4*g + 9. Let u(a) = -a**2 + 7*a + 7. What are the prime factors of u(y)?
17
Let l(t) = -2*t**3 + 2*t**2 + 3*t + 2. What are the prime factors of l(-2)?
2, 5
Let f(m) = 6*m**2 + 7*m - 8. Let u(r) = 7*r**2 + 7*r - 9. Let g(x) = -6*f(x) + 5*u(x). List the prime factors of g(-6).
3
Suppose 7*s - 24 = 4*s. Let f(n) = -n**3 + 6*n**2 + 6*n. Let a be f(5). Suppose v - s = -2*t, -v + 6*v - a = 5*t. What are the prime factors of v?
2, 5
Let o = -225 + 333. Suppose 3*r = -12, 0*y = -4*y + 2*r + o. List the prime factors of y.
5
Let u(v) = v**2 + 6*v + 5. Let x be u(-5). Suppose 3*r - r - 4*b - 10 = x, -2*r = -b - 10. Suppose 2*n + 0*n - 21 = 3*c, -r*c = -n. List the prime factors of n.
3, 5
Let g = 0 - 0. Suppose g = -b - r + 3, -4*r - 5 = 3. Suppose 47 - b = 3*c. List the prime factors of c.
2, 7
Let g(v) = -v**3 - 6*v**2 + 2. Let c be g(-6). Let q be c*1 - (-40)/(-5). Let j = 0 - q. List the prime factors of j.
2, 3
Suppose -667 = 5*w - n - 2086, -2*w = -3*n - 578. List the prime factors of w.
283
Let n(m) = -3*m + 7. What are the prime factors of n(-10)?
37
Suppose 3*u = -33 + 111. Let t = u + -49. Let r = -8 - t. What are the prime factors of r?
3, 5
Let u(g) = -g**2 + 5*g + 7. Let q(t) = 4*t - 3 + 2*t - 4*t. Let k be q(4). List the prime factors of u(k).
7
Suppose 8*j - 442 = 582. What are the prime factors of j?
2
Let b(u) be the third derivative of u**6/120 + u**5/15 - u**4/4 + 2*u**3/3 - 4*u**2. Let m(p) = -p**2 + 4. Let v be m(-3). What are the prime factors of b(v)?
3
Let g(i) = 40*i**2 - i. Let l be g(-1). Let r = 66 - l. Suppose p - 10 = -2*z, -5*z + 4*p + r = 6*p. What are the prime factors of z?
5
Let o be (-1)/(-4) + 39/4. Suppose 2*t - z = -0*t - 6, -t + 4*z - o = 0. Let j = t - -6. What are the prime factors of j?
2
Suppose 0 = -5*h, -229 = -4*r - 5*h + 171. What are the prime factors of r?
2, 5
List the prime factors of 2 - -1 - -29 - 0.
2
Let n be -2 + (-4 - (-1 + -9)). What are the prime factors of (-1456)/(-32) + (-2)/n?
3, 5
Suppose 13 = 2*w - 1. List the prime factors of 7/w - 1*-13.
2, 7
Suppose 7*f - f = 12. List the prime factors of f.
2
What are the prime factors of (170/(-10))/(3/(-6))?
2, 17
Let i(p) = -p - 8. Let k be i(-6). What are the prime factors of -1 + (-3 - k) + 18?
2
Suppose -g + 2*z + 1 = 0, -2*g - z + 0*z = -2. Suppose g = 2*s - 5. Suppose n + 45 = 5*k, 8*n - 27 = -3*k + s*n. What are the prime factors of k?
3
Let k = -19 - -28. Let r = k + 4. List the prime factors of r.
13
Let v be (-144)/(-78) - 2/(-13). Suppose -v*j - 3*j + 100 = 0. What are the prime factors of j?
2, 5
Suppose -5*t + 3*a + 38 = a, 5*t + 5*a - 45 = 0. Suppose 9*p - 21 = t*p. List the prime factors of p.
3, 7
What are the prime factors of (-6)/(-24) - 19/(-4)?
5
Let p be 0/((0 - -1) + 1). Suppose 4*y - 7 - 21 = p. List the prime factors of y.
7
Let w = 4 + -2. Let u(o) = 3*o - o + 0*o - 5*o**w - 7 + o**3. List the prime factors of u(5).
3
Suppose 8*u - 66 = 7*u. What are the prime factors of u?
2, 3, 11
Suppose 4*b = 2*b - 44. Let q = -15 - b. What are the prime factors of q?
7
Let y(p) = -5*p**2 + 5*p + 3. Let f(m) = -4*m**2 + 4*m + 3. Let b(k) = 6*f(k) - 5*y(k). Let o be b(4). What are the prime factors of o/(-6)*4/(-5)?
2
Suppose 0 = 6*k - 8*k + 30. What are the prime factors of k?
3, 5
Suppose -k + 10 = -2*k - 3*y, 4 = -y. Let b be 72 + k - (-1 - -3). Suppose 4*t + 24 - b = 0. List the prime factors of t.
2, 3
Suppose 3*c + 4 = 19. Suppose -c*q = i - 2*q - 8, 5*q + 24 = i. List the prime factors of i.
2, 7
Suppose 5*q = -28 - 47. Let p = q - -5. What are the prime factors of ((-8)/(-10))/((-4)/p)?
2
Let l(h) be the second derivative of h**4/4 + h**3/6 + h**2/2 + h. List the prime factors of l(-2).
11
Let j = 4 - -8. Suppose -2*x + 0 = -j. List the prime factors of ((-44)/x)/((-8)/24).
2, 11
What are the prime factors of 2/8 - 54/(-8)?
7
Let t be (-1)/(-1 + 6/9). Suppose 56 = 4*u - t*a, 90 = 5*u - 2*a + 13. List the prime factors of u.
17
Let y(c) = -c**3 - 6*c**2 + 11*c - 7. Let w be y(-8). What are the prime factors of 220/w + 4/(-6)?
2, 3
Let c be ((-8)/(-6))/(4/18). Let v be (-1)/(2 + (-20)/8). Let s = c - v. What are the prime factors of s?
2
Suppose -10*k - 490 = -15*k. List the prime factors of k.
2, 7
Let m(r) = 6*r**3 + 4*r**2 - 4*r + 12. Let q(n) = -5*n**3 - 5*n**2 + 5*n - 11. Let y(b) = 4*m(b) + 5*q(b). Let o be y(-10). List the prime factors of 2/3*3 + o.
5
Let q be -2 + (10 - 0) + -3. Suppose t - 8 = 2*y - 3*y, 16 = t + q*y. List the prime factors of t.
2, 3
Let c = 386 + -256. List the prime factors of c.
2, 5, 13
Let i(d) = d**3 + 6*d**2 + 2*d + 1. Let t(b) = -1. Let y(h) = i(h) - 2*t(h). What are the prime factors of y(-5)?
2, 3
Let l(w) = 4*w - 3. Let a(o) = -3*o + 2. Let n(s) = -5*a(s) - 4*l(s). Let q be (-1 + 2)*-2 - 2. List the prime factors of n(q).
2, 3
Let k(f) = 4*f + 2. Let g(r) = r + 4. Let b be g(-2). Let j be 1 + b + (1 - 2). List the prime factors of k(j).
2, 5
Suppose -3*x - 1149 = -5*o, 2*o + 4*x - 1128 = -3*o. What are the prime factors of o?
2, 3, 19
Suppose -4 = -2*h - 0. List the prime factors of (-10)/h*36/(-45).
2
Suppose -308 = -3*h - h. What are the prime factors of h?
7, 11
Suppose 751 = 12*s - 2165. What are the prime factors of s?
3
What are the prime factors of 453*(4 + 44/(-12))?
151
Suppose -2*i + 5*w - 4*w = -10, -4*i + 22 = -3*w. Suppose 3*d + i = d. Let h = 6 + d. List the prime factors of h.
2
Let q(m) = -m**2 - 15*m - 8. List the prime factors of q(-10).
2, 3, 7
Suppose 0 = -4*m - 4*i + 6 - 2, 3*i = -5*m + 7. Let y be 1 + 4 - (m + -1). Suppose y*r = 14 + 22. List the prime factors of r.
3
Suppose 4*z - 5*f - 142 = 96, 3*z = -4*f + 194. Suppose 22 - z = -2*c. List the prime factors of c.
2, 5
Let g = -3 - -31. What are the prime factors of g?
2, 7
Let g = -53 - -65. List the prime factors of g.
2, 3
Suppose -7*s + 2*s + 130 = 0. Suppose 1 + s = 3*b. List the prime factors of b.
3
S